1 = 5. Let o(t) = -7*t**3 + 4*t**2 - 2*t - 14. Let p(z) = y*o(z) + 6*g(z). Calculate p(-6).
-26
Let o(y) = 42*y**2 + 988*y**3 - 8*y - 1976*y**3 - 3 + 5 + 989*y**3 - 43*y**2. Calculate o(3).
-4
Let q(s) = -5*s**2 + s + 27. Let c(t) = 4*t**2 - t - 26. Let i(y) = -6*c(y) - 5*q(y). Suppose 5*p - 25 = 0, -5*n - 10*p + 14*p = 20. Determine i(n).
21
Let k be (-165)/6*(153/(-45) - -3)*1. Let f(i) = -i**2 + 8*i + 18. Let j(x) = 1. Let m(h) = -f(h) + 6*j(h). Calculate m(k).
21
Let x(d) = -2*d - 46. Suppose 43 + 337 = 5*y. Let k be y*((-10)/8)/5. Let u be x(k). Let v(q) = q**3 + 8*q**2 + q + 11. Determine v(u).
3
Let h(l) be the third derivative of -l**5/120 + 13*l**4/12 - 85*l**3/3 + 2*l**2 + 32. Let g(q) be the first derivative of h(q). Determine g(21).
5
Let h(i) = -9 + 0 - 16 + 5 + 12 - 13*i. Give h(-6).
70
Let z(f) = -f**3 - 8*f**2 + 11*f + 17. Suppose -u + 8 = -5*u + 5*r, 4*r = 2*u + 10. Suppose d = u*c - 21, -24*c = -4*d - 19*c - 56. Give z(d).
-1
Suppose 0 = -b + 16*b - 660. Suppose -26 = 3*n - 6*c + 4*c, -5*n + 3*c = b. Let s(m) = m + 14. What is s(n)?
4
Let a(w) be the second derivative of -w**4/12 - w**3/6 - 9*w**2 + 1717*w. Calculate a(-8).
-74
Let u(r) = -94*r - 98*r - 93*r - 93*r + 379*r. Give u(-1).
-1
Suppose -187*i + 315*i + 1280 = 0. Let n(g) = -2*g**2 - 15*g + 10. Calculate n(i).
-40
Let j(n) = 2*n**2 - 8*n - 4. Let v be j(5). Suppose v*z + 112 = -10*z. Let m(s) = s - 2*s**2 + 6*s + 3*s**2 - 3 + 1. What is m(z)?
-2
Let n(x) = x**2 - 6*x + 2. Let l(j) = j**2 - 6*j - 8. Let c be l(9). Suppose 8 = -7*h + 1. Let i be (-1)/h + (24 - c). What is n(i)?
2
Let y(r) = r**3 + 2*r**2 - 5*r + 8. Suppose 4*a - 12 = -3*h, 30 = -4*h + 2*a + 2. Calculate y(h).
-4
Let d(q) = 8*q + 1. Let w(a) = -a. Let p(n) = -d(n) - w(n). Let s(x) = 372*x + 1859. Let b be s(-5). Calculate p(b).
6
Suppose -23*g = -13*g - 10. Let m(k) = -814*k - 19*k**3 - k**2 + 814*k. Calculate m(g).
-20
Let q(f) = -f**2 - 6*f + 4. Suppose -u + 7 = 4*d, -5*u - 4 = -6*u - d. Suppose 0 = 5*z - 4*i + 38, -6*i + u*i = -6. Determine q(z).
4
Let k(z) = -z + 2. Suppose -11*x + 14 = -30. Let a = 49 - 13. Suppose x*l = -2*q - 2*q - a, 3*q = -4*l - 32. Give k(q).
6
Suppose 15*h = 27*h - 60. Let z(n) = h + 11*n + 3*n**2 - 1 + 0*n**2 - 2*n - n**3 + 0. What is z(5)?
-1
Let z(q) = 53*q + 118. Let u be z(5). Let g = u - 380. Let l(f) = 2*f**3 - 5*f**2 + 3*f - 2. Give l(g).
16
Let w = 1342 + -1331. Let a(b) = 2*b**2 - 19*b + 9. Let q(g) = -g**2 + 10*g - 4. Let m(s) = -2*a(s) - 5*q(s). Give m(w).
-9
Let j(v) be the second derivative of v**3/6 + v**2 - 509*v - 2. Calculate j(-9).
-7
Suppose 0 = 165*q + 748 + 1084 - 17. Let k(n) = n**2 + 2*n - 137. Give k(q).
-38
Let w be 2/((-33)/10516*16/(-18)). Let l = -728 + w. Let q(n) = -4*n - 14. Determine q(l).
30
Let n(r) = -r. Let m = 2853 + -2851. Suppose -3*y + 6*y + 51 = 0. Let x be (y - -12)*(-1 + m). What is n(x)?
5
Let m = -254 - -251. Suppose 0 = -0*a - 4*a + 8. Let f(c) = a*c**3 - 96*c + 5*c**2 + 95*c - c**2. Calculate f(m).
-15
Let j = -43 - -48. Let q(w) = -2*w - 10. Let n(x) = -3*x - 11. Let f(h) = j*q(h) - 4*n(h). Give f(6).
6
Let f(i) = 5*i**2 + 7*i + 4. Suppose 206*g - 3 = 203*g. Let m(z) = z - z - 5*z**2 + 4*z**2. Let p(a) = g*f(a) + 4*m(a). Determine p(-6).
-2
Let h = 116 - 113. Let g(q) = 5*q**2 + 107*q**h - 106*q**3 - q + 3 + 3. Determine g(-5).
11
Let n = 14754 + -14752. Let g(p) = -p**3 - 2. Calculate g(n).
-10
Let w(l) = -l + 2. Let x(v) = 73. Let c(h) = 5*w(h) - x(h). Let y be c(-13). Let d(s) = s + 2. Calculate d(y).
4
Let x be 0/((-9)/((-54)/12)). Let m = x - 3. Let q(n) = n - 3*n + 4 - 2. Give q(m).
8
Let k(g) = g**2 + 3*g - 7. Suppose 0 = 13*f - 203 - 7246. Let q = -578 + f. What is k(q)?
3
Let s(i) be the second derivative of i**4/12 - 5*i**3/6 - 2*i. Let h(o) = 509*o - 3560. Let f be h(7). Determine s(f).
-6
Let i = -44 + 12. Let n = i + 24. Let r(a) = 230*a**2 - 231*a**2 + 0*a + 10 - 6*a. What is r(n)?
-6
Let s(o) be the third derivative of o**4/24 - 22*o**3/3 - 30*o**2 - 2. What is s(7)?
-37
Let b(y) = -y**3 + 3*y**2 + y - 4. Suppose 0 = -2*r - 5*a - 2, 11*r - a + 6 = 13*r. Suppose 2*i + 3*k = 7*i - 8, 4*i - r = 3*k. Determine b(i).
-16
Let m(i) = -i**3 - 8*i + 14*i + 7 - 3*i**2 + 0 + 12*i**2 - 2. Determine m(10).
-35
Let a be 2/((-2)/(10/(-5))*4/(-22)). Let d(q) = -q + 32. What is d(a)?
43
Let s(d) be the first derivative of d**4/4 + 13*d**3/3 + d**2/2 + 4*d + 635. Give s(-13).
-9
Let f(b) = -b**3 - b**2 + 19*b - 10. Let c = 8960 - 8956. Determine f(c).
-14
Let q(c) = -2*c**3 - 33*c**2 + 15*c - 41. Let h = 29144 + -29161. Calculate q(h).
-7
Let v(t) = -1. Let y(o) = 6*o**2 + 19*o - 340. Let d be y(6). Let f(n) = 2*n. Let i(u) = 1. Let l(a) = -f(a) - 4*i(a). Let x(q) = d*v(q) + l(q). Calculate x(4).
-2
Let m(g) = 60*g + 216. Let b(v) = 34*v + 108. Let o(x) = 5*b(x) - 2*m(x). Give o(-2).
8
Let z(f) = -4*f**2 - 6*f + 7. Let h(j) = -5*j**2 - 5*j + 7. Let w(i) = -5*h(i) + 6*z(i). Let r = -173 - -175. Suppose 12 - r = p. Determine w(p).
-3
Let a(s) be the second derivative of 1/12*s**4 - 4/3*s**3 + 0 + 5/2*s**2 + 29*s. Let h = -16 + 22. What is a(h)?
-7
Let s be 12/30 + 44/(-10). Let k(j) = j**3 + 40 - 29*j**2 - 35 + 32*j**2. What is k(s)?
-11
Let f(l) = l**3 + 6*l**2 + 2. Suppose 21 = -14*v - 7. Let i be (-8 - -2) + v + 5. Calculate f(i).
29
Let j(a) = -2*a + 1. Let g(x) = -x**2 - 8*x + 36. Let z(d) = -g(d) - 2*j(d). Determine z(-15).
7
Let m(d) = 25*d**2 + 10*d + 6. Let f(l) = -21*l**2 - 9*l - 5. Let x(h) = 6*f(h) + 5*m(h). Suppose -54 = 27*k - 0*k. Calculate x(k).
4
Let q(b) be the first derivative of 2*b**3/3 + 11*b**2/2 - 14*b - 982. Determine q(-7).
7
Suppose 21*h + 67 - 4 = 0. Let k(o) be the first derivative of 2 - 2*o**2 + 3*o + 3*o - 6*o. What is k(h)?
12
Let m be (-2)/(-9) + (-473)/(-99). Suppose -m*k - 3 = -6*k. Let c(p) = 8*p + p**2 - k*p**3 + 0*p - 9*p - 1. What is c(-1)?
4
Let j(f) = 2*f**2 + 8*f - 60. Let c(n) = -2*n**2 - 8*n + 66. Let w(k) = -3*c(k) - 4*j(k). What is w(-7)?
0
Let a(b) be the first derivative of 2*b**2 - 7*b + 24. Give a(-6).
-31
Let l = -14 + 13. Let c(o) be the third derivative of 0*o + 0 + 1/6*o**3 - 20*o**2 + 1/8*o**4. Give c(l).
-2
Let t(b) = -14*b**2 - b**3 - 263*b + 319*b - 16 + 5 + 3*b**2 - 13. Determine t(-15).
36
Suppose -14*s = -2*s + 17*s - 9*s. Let x(k) be the second derivative of 1/2*k**3 + s - 1/3*k**4 - 3/2*k**2 + 22*k. Calculate x(2).
-13
Let v(r) be the third derivative of 11*r**6/720 - r**5/120 - 13*r**4/8 + 129*r**2. Let f(x) be the second derivative of v(x). What is f(-1)?
-12
Suppose -5*y = -4*x - 5, 4*y - 2 - 2 = -2*x. Suppose -5*c + x*c - 15 = 0. Let o(i) = -i - 7. Give o(c).
-4
Let d(s) = -6 + 11*s**2 + 7*s - 3*s**2 + 2*s - s**3. Suppose -4*g + 1374 = 681 + 657. Calculate d(g).
-6
Suppose -2*m = -3*m. Let b(v) = -3*v + 9 + 2*v + m*v. Suppose 121*x - 20 = 116*x. What is b(x)?
5
Let c(o) = o**3 - o - 2. Let j be c(-1). Let z(d) be the first derivative of -d**4/2 - d**3 - 3*d**2/2 - 3*d + 38. Give z(j).
7
Let m(r) = 7*r - 72. Let w = -227 + 238. Determine m(w).
5
Let k(p) = 22*p + 23*p - 82*p - 10*p**2 + 2 - p**3 + 30*p. Calculate k(-10).
72
Suppose 5*n = 5*m + 40, -2*n + 0*n = 4*m - 4. Suppose 4*g + 10 = l, 2*l - 2 = 5*g - n*g. Let j(o) = 2 + l - 3 - o**2 + 1. Give j(2).
-2
Let z(b) be the second derivative of -7*b**3/3 - 64*b**2 + 1915*b. Determine z(-9).
-2
Let c be (6 - 12)/((-6)/(-8)). Let u(i) = 17*i + 144. Determine u(c).
8
Let c(l) = l**2 + l - 4. Suppose 50 = -12*w + 50. Give c(w).
-4
Let n be (560/7)/10 - ((-6)/(-2) + 0). Let l(i) = i**3 - 5*i**2 - 3*i + 11. Determine l(n).
-4
Let f(p) be the third derivative of p**4/6 - 92*p**3/3 - 4025*p**2. Calculate f(46).
0
Suppose -6 + 1 = -s. Let w(v) = -4*v**2 + 8*v + s*v**2 + 9 + v. Let m = -14201 - -14193. Determine w(m).
1
Let x be 3 + (-15)/10 + (42/4)/3. Let y(p) = 2*p**3 - 13*p**2 - 12*p + 9. Let s(f) = -3*f**3 + 19*f**2 + 18*f - 14. Let u(c) = -5*s(c) - 7*y(c). Give u(x).
2
Let j(g) be the first derivative of g**4 - 37*g**3/3 + 4*g**2 + 20*g - 6813. Calculate j(9).
11
Let i(o) be the first derivative of -o**3 - o**2 + o + 12. Let z = 7 + -6. Let c be i(z). Let s(r) = -r**2 - 4*r + 4. What is s(c)?
4
Let i(v) = -v + 35. Let d(o) = -o + 36. Let p(s) = -6*d(s) + 5*i(s). Determine p(18).
-23
Let y(k) = -15*k + 35. Let c(v) =